{"id":436,"date":"2020-11-24T22:21:16","date_gmt":"2020-11-25T03:21:16","guid":{"rendered":"https:\/\/www.technique-ceb.ca\/sttv\/?page_id=436"},"modified":"2021-01-08T18:25:52","modified_gmt":"2021-01-08T23:25:52","slug":"devenir-diffuseur","status":"publish","type":"page","link":"https:\/\/testmichel.h3berg.info\/?page_id=436","title":{"rendered":"Devenir Diffuseur"},"content":{"rendered":"\t\t<div data-elementor-type=\"wp-page\" data-elementor-id=\"436\" class=\"elementor elementor-436\" data-elementor-settings=\"[]\">\n\t\t\t\t\t\t<div class=\"elementor-inner\">\n\t\t\t\t\t\t\t<div class=\"elementor-section-wrap\">\n\t\t\t\t\t\t\t<section class=\"elementor-section elementor-top-section elementor-element elementor-element-6a9b765 elementor-section-boxed elementor-section-height-default elementor-section-height-default\" data-id=\"6a9b765\" data-element_type=\"section\">\n\t\t\t\t\t\t<div class=\"elementor-container elementor-column-gap-default\">\n\t\t\t\t\t\t\t<div class=\"elementor-row\">\n\t\t\t\t\t<div class=\"elementor-column elementor-col-100 elementor-top-column elementor-element elementor-element-f5be016\" data-id=\"f5be016\" data-element_type=\"column\">\n\t\t\t<div class=\"elementor-column-wrap elementor-element-populated\">\n\t\t\t\t\t\t\t<div class=\"elementor-widget-wrap\">\n\t\t\t\t\t\t<div class=\"elementor-element elementor-element-2b47236 elementor-position-right elementor-vertical-align-top elementor-widget elementor-widget-image-box\" data-id=\"2b47236\" data-element_type=\"widget\" data-widget_type=\"image-box.default\">\n\t\t\t\t<div class=\"elementor-widget-container\">\n\t\t\t<div class=\"elementor-image-box-wrapper\"><figure class=\"elementor-image-box-img\"><img width=\"200\" height=\"150\" src=\"https:\/\/testmichel.h3berg.info\/wp-content\/uploads\/2020\/11\/videogear.png\" class=\"attachment-full size-full\" alt=\"\" loading=\"lazy\" srcset=\"https:\/\/testmichel.h3berg.info\/wp-content\/uploads\/2020\/11\/videogear.png 200w, https:\/\/testmichel.h3berg.info\/wp-content\/uploads\/2020\/11\/videogear-130x98.png 130w\" sizes=\"(max-width: 200px) 100vw, 200px\" \/><\/figure><div class=\"elementor-image-box-content\"><h3 class=\"elementor-image-box-title\">Devenir Diffuseur<\/h3><p class=\"elementor-image-box-description\">Vous d\u00e9sirez produire un \u00e9v\u00e9nement de diffusion intenet? Compl\u00e9tez le formulaire ci-dessous et nous communiquerons avec vous dans un d\u00e9lai de 24 \u00e0 48 heures. <\/p><\/div><\/div>\t\t<\/div>\n\t\t\t\t<\/div>\n\t\t\t\t\t\t<\/div>\n\t\t\t\t\t<\/div>\n\t\t<\/div>\n\t\t\t\t\t\t\t\t<\/div>\n\t\t\t\t\t<\/div>\n\t\t<\/section>\n\t\t\t\t<section class=\"elementor-section elementor-top-section elementor-element elementor-element-83f88b4 elementor-section-boxed elementor-section-height-default elementor-section-height-default\" data-id=\"83f88b4\" data-element_type=\"section\">\n\t\t\t\t\t\t<div class=\"elementor-container elementor-column-gap-default\">\n\t\t\t\t\t\t\t<div class=\"elementor-row\">\n\t\t\t\t\t<div class=\"elementor-column elementor-col-100 elementor-top-column elementor-element elementor-element-05ffa8a\" data-id=\"05ffa8a\" data-element_type=\"column\">\n\t\t\t<div class=\"elementor-column-wrap elementor-element-populated\">\n\t\t\t\t\t\t\t<div class=\"elementor-widget-wrap\">\n\t\t\t\t\t\t<div class=\"elementor-element elementor-element-15ff6d2 elementor-widget elementor-widget-shortcode\" data-id=\"15ff6d2\" data-element_type=\"widget\" data-widget_type=\"shortcode.default\">\n\t\t\t\t<div class=\"elementor-widget-container\">\n\t\t\t\t\t<div class=\"elementor-shortcode\"><div class=\"caldera-grid\" id=\"caldera_form_1\" data-cf-ver=\"1.9.4\" data-cf-form-id=\"CF5fc47d9cc8756\"><div id=\"caldera_notices_1\" data-spinner=\"https:\/\/testmichel.h3berg.info\/wp-admin\/images\/spinner.gif\"><\/div><form data-instance=\"1\" class=\"CF5fc47d9cc8756 caldera_forms_form cfajax-trigger\" method=\"POST\" enctype=\"multipart\/form-data\" id=\"CF5fc47d9cc8756_1\" data-form-id=\"CF5fc47d9cc8756\" aria-label=\"Diffuseur\" data-target=\"#caldera_notices_1\" data-template=\"#cfajax_CF5fc47d9cc8756-tmpl\" data-cfajax=\"CF5fc47d9cc8756\" data-load-element=\"_parent\" data-load-class=\"cf_processing\" data-post-disable=\"0\" data-action=\"cf_process_ajax_submit\" data-request=\"https:\/\/testmichel.h3berg.info\/?cf_api=CF5fc47d9cc8756\" data-hiderows=\"true\">\r\n<input type=\"hidden\" id=\"_cf_verify_CF5fc47d9cc8756\" name=\"_cf_verify\" value=\"f179f2e9c3\"  data-nonce-time=\"1776670673\" \/><input type=\"hidden\" name=\"_wp_http_referer\" value=\"\/index.php?rest_route=%2Fwp%2Fv2%2Fpages%2F436\" \/><div id=\"cf2-CF5fc47d9cc8756_1\"><\/div><input type=\"hidden\" name=\"_cf_frm_id\" value=\"CF5fc47d9cc8756\">\r\n<input type=\"hidden\" name=\"_cf_frm_ct\" value=\"1\">\r\n<input type=\"hidden\" name=\"cfajax\" value=\"CF5fc47d9cc8756\">\r\n<input type=\"hidden\" name=\"_cf_cr_pst\" value=\"436\">\r\n<div class=\"hide\" style=\"display:none; overflow:hidden;height:0;width:0;\">\r\n<label>Company<\/label><input type=\"text\" name=\"company\" value=\"\" autocomplete=\"off\">\r\n<\/div><div id=\"CF5fc47d9cc8756_1-row-1\"  class=\"row  first_row\"><div  class=\"col-xs-6  first_col\"><div data-field-wrapper=\"fld_6189751\" class=\"form-group\" id=\"fld_6189751_1-wrap\">\r\n\t<label id=\"fld_6189751Label\" for=\"fld_6189751_1\" class=\"control-label\">Pr\u00e9nom <span aria-hidden=\"true\" role=\"presentation\" class=\"field_required\" style=\"color:#ee0000;\">*<\/span><\/label>\r\n\t<div class=\"\">\r\n\t\t<input   required type=\"text\" data-field=\"fld_6189751\" class=\" form-control\" id=\"fld_6189751_1\" name=\"fld_6189751\" value=\"\" data-type=\"text\" aria-required=\"true\"   aria-labelledby=\"fld_6189751Label\" >\t\t\t<\/div>\r\n<\/div>\r\n<\/div><div  class=\"col-xs-6  last_col\"><div data-field-wrapper=\"fld_7914942\" class=\"form-group\" id=\"fld_7914942_1-wrap\">\r\n\t<label id=\"fld_7914942Label\" for=\"fld_7914942_1\" class=\"control-label\">Nom de Famille : <span aria-hidden=\"true\" role=\"presentation\" class=\"field_required\" style=\"color:#ee0000;\">*<\/span><\/label>\r\n\t<div class=\"\">\r\n\t\t<input   required type=\"text\" data-field=\"fld_7914942\" class=\" form-control\" id=\"fld_7914942_1\" name=\"fld_7914942\" value=\"\" data-type=\"text\" aria-required=\"true\"   aria-labelledby=\"fld_7914942Label\" >\t\t\t<\/div>\r\n<\/div>\r\n<\/div><\/div><div id=\"CF5fc47d9cc8756_1-row-2\"  class=\"row \"><div  class=\"col-xs-12  single\"><div data-field-wrapper=\"fld_6875968\" class=\"form-group\" id=\"fld_6875968_1-wrap\">\r\n\t<label id=\"fld_6875968Label\" for=\"fld_6875968_1\" class=\"control-label\">Courriel : <span aria-hidden=\"true\" role=\"presentation\" class=\"field_required\" style=\"color:#ee0000;\">*<\/span><\/label>\r\n\t<div class=\"\">\r\n\t\t<input   required type=\"email\" data-field=\"fld_6875968\" class=\" form-control\" id=\"fld_6875968_1\" name=\"fld_6875968\" value=\"\" data-type=\"email\" aria-required=\"true\"   aria-labelledby=\"fld_6875968Label\" >\t\t\t<\/div>\r\n<\/div>\r\n<\/div><\/div><div id=\"CF5fc47d9cc8756_1-row-3\"  class=\"row \"><div  class=\"col-xs-12  single\"><div data-field-wrapper=\"fld_9918312\" class=\"form-group\" id=\"fld_9918312_1-wrap\">\r\n\t<label id=\"fld_9918312Label\" for=\"fld_9918312_1\" class=\"control-label\">T\u00e9l\u00e9phone : <span aria-hidden=\"true\" role=\"presentation\" class=\"field_required\" style=\"color:#ee0000;\">*<\/span><\/label>\r\n\t<div class=\"\">\r\n\t\t<input   required type=\"tel\" data-field=\"fld_9918312\" class=\" form-control\" id=\"fld_9918312_1\" name=\"fld_9918312\" value=\"\" data-type=\"phone_better\" aria-required=\"true\"   aria-labelledby=\"fld_9918312Label\" >\t\t\t<\/div>\r\n<\/div>\r\n<\/div><\/div><div id=\"CF5fc47d9cc8756_1-row-4\"  class=\"row \"><div  class=\"col-xs-12  single\"><div data-field-wrapper=\"fld_5516369\" class=\"form-group\" id=\"fld_5516369_1-wrap\">\r\n<label id=\"fld_5516369Label\" for=\"fld_5516369_1\" class=\"control-label\">Moyen de Communication Pr\u00e9f\u00e9r\u00e9 : <span aria-hidden=\"true\" role=\"presentation\" class=\"field_required\" style=\"color:#ee0000;\">*<\/span><\/label>\r\n<div class=\"\">\r\n\t\t\t\t<label class=\"radio-inline\" data-label=\"Courriel\" for=\"fld_5516369_1_opt1817511\"><input type=\"radio\" id=\"fld_5516369_1_opt1817511\" data-field=\"fld_5516369\" class=\"fld_5516369_1 option-required\" name=\"fld_5516369\" value=\"Courriel\"   required=\"required\" data-radio-field=\"fld_5516369_1\" data-type=\"radio\" data-calc-value=\"Courriel\" \/>\n\t\t\tCourriel\t\t<\/label>\n\t\t\t\t\t\t\t\t<label class=\"radio-inline\" data-label=\"T\u00e9l\u00e9phone\" for=\"fld_5516369_1_opt1338769\"><input type=\"radio\" id=\"fld_5516369_1_opt1338769\" data-field=\"fld_5516369\" class=\"fld_5516369_1 option-required\" name=\"fld_5516369\" value=\"T\u00e9l\u00e9phone\"   required=\"required\" data-radio-field=\"fld_5516369_1\" data-type=\"radio\" data-calc-value=\"T\u00e9l\u00e9phone\" \/>\n\t\t\tT\u00e9l\u00e9phone\t\t<\/label>\n\t\t\t\t\t\t\t\t<label class=\"radio-inline\" data-label=\"Texto (SMS)*\" for=\"fld_5516369_1_opt1826368\"><input type=\"radio\" id=\"fld_5516369_1_opt1826368\" data-field=\"fld_5516369\" class=\"fld_5516369_1 option-required\" name=\"fld_5516369\" value=\"Texto (SMS)*\"   required=\"required\" data-radio-field=\"fld_5516369_1\" data-type=\"radio\" data-calc-value=\"Texto (SMS)*\" \/>\n\t\t\tTexto (SMS)*\t\t<\/label>\n\t\t\t\t<span id=\"fld_5516369Caption\" class=\"help-block\">*Si vous choisissez la m\u00e9thode par Texto, svp bien vouloir v\u00e9rifier que vous nous avez fourni un num\u00e9ro de t\u00e9l\u00e9phone cellulaire valide.<\/span>\r\n<\/div>\r\n<\/div>\r\n<\/div><\/div><div id=\"CF5fc47d9cc8756_1-row-5\"  class=\"row \"><div  class=\"col-xs-12  single\"><div data-field-wrapper=\"fld_321645\" class=\"form-group\" id=\"fld_321645_1-wrap\">\r\n\t<label id=\"fld_321645Label\" for=\"fld_321645_1\" class=\"control-label\">Titre de l'\u00c9v\u00e9nement : <span aria-hidden=\"true\" role=\"presentation\" class=\"field_required\" style=\"color:#ee0000;\">*<\/span><\/label>\r\n\t<div class=\"\">\r\n\t\t<input placeholder=\"Titre complet\"  required type=\"text\" data-field=\"fld_321645\" class=\" form-control\" id=\"fld_321645_1\" name=\"fld_321645\" value=\"\" data-type=\"text\" aria-required=\"true\"   aria-labelledby=\"fld_321645Label\" >\t\t\t<\/div>\r\n<\/div>\r\n<\/div><\/div><div id=\"CF5fc47d9cc8756_1-row-6\"  class=\"row \"><div  class=\"col-xs-6  first_col\"><div data-field-wrapper=\"fld_2989090\" class=\"form-group\" id=\"fld_2989090_1-wrap\">\r\n\t<label id=\"fld_2989090Label\" for=\"fld_2989090_1\" class=\"control-label\">Type D'\u00e9v\u00e9nement : <span aria-hidden=\"true\" role=\"presentation\" class=\"field_required\" style=\"color:#ee0000;\">*<\/span><\/label>\r\n\t<div class=\"\">\r\n\t\t<select name=\"fld_2989090\" value=\"\" data-field=\"fld_2989090\" class=\"form-control\" id=\"fld_2989090_1\"  required=\"required\"  aria-labelledby=\"fld_2989090Label\" >\n\t\t<option value=\"\"><\/option>\r\n\t\t\t\t\t<option value=\"Ponctuel\"  data-calc-value=\"Ponctuel\" >\n\t\t\t\t\t\tPonctuel\t\t\t\t\t<\/option>\n\t\t\t\t\t\t\t\t\t\t<option value=\"R\u00e9current\"  data-calc-value=\"R\u00e9current\" >\n\t\t\t\t\t\tR\u00e9current\t\t\t\t\t<\/option>\n\t\t\t\t\t\t\t<\/select>\n\t\t\t<\/div>\r\n<\/div>\r\n<\/div><div  class=\"col-xs-6  last_col\">\n<div data-field-wrapper=\"fld_7644234\" class=\"form-group\" id=\"fld_7644234_1-wrap\">\r\n\t<label id=\"fld_7644234Label\" for=\"fld_7644234_1\" class=\"control-label\">Date d'\u00c9v\u00e9nement (Ou date de d\u00e9but si r\u00e9current) : <span aria-hidden=\"true\" role=\"presentation\" class=\"field_required\" style=\"color:#ee0000;\">*<\/span><\/label>\r\n\t<div class=\"\">\r\n\t\t<input  type=\"text\" data-provide=\"cfdatepicker\" name=\"fld_7644234\" value=\"\" id=\"fld_7644234_1\" data-field=\"fld_7644234\" class=\"form-control cfdatepicker is-cfdatepicker\" data-date-format=\"yyyy-mm-dd\" required=\"1\" data-date-start-view=\"month\" data-date-language=\"fr\"   aria-labelledby=\"fld_7644234Label\" required  \/>\n\t\t\t<\/div>\r\n<\/div>\r\n<\/div><\/div><div id=\"CF5fc47d9cc8756_1-row-7\"  class=\"row \"><div  class=\"col-xs-6  first_col\"><div data-field-wrapper=\"fld_5466601\" class=\"form-group\" id=\"fld_5466601_1-wrap\">\r\n\t<label id=\"fld_5466601Label\" for=\"fld_5466601_1\" class=\"control-label\">Cat\u00e9gorie : <span aria-hidden=\"true\" role=\"presentation\" class=\"field_required\" style=\"color:#ee0000;\">*<\/span><\/label>\r\n\t<div class=\"\">\r\n\t\t<select name=\"fld_5466601\" value=\"\" data-field=\"fld_5466601\" class=\"form-control\" id=\"fld_5466601_1\"  required=\"required\"  aria-labelledby=\"fld_5466601Label\" >\n\t\t<option value=\"\"><\/option>\r\n\t\t\t\t\t<option value=\"Concerts\"  data-calc-value=\"Concerts\" >\n\t\t\t\t\t\tConcerts\t\t\t\t\t<\/option>\n\t\t\t\t\t\t\t\t\t\t<option value=\"Humour\"  data-calc-value=\"Humour\" >\n\t\t\t\t\t\tHumour\t\t\t\t\t<\/option>\n\t\t\t\t\t\t\t\t\t\t<option value=\"Mise En Forme\"  data-calc-value=\"Mise En Forme\" >\n\t\t\t\t\t\tMise En Forme\t\t\t\t\t<\/option>\n\t\t\t\t\t\t\t\t\t\t<option value=\"Sport\"  data-calc-value=\"Sport\" >\n\t\t\t\t\t\tSport\t\t\t\t\t<\/option>\n\t\t\t\t\t\t\t\t\t\t<option value=\"Conf\u00e9rence\"  data-calc-value=\"Conf\u00e9rence\" >\n\t\t\t\t\t\tConf\u00e9rence\t\t\t\t\t<\/option>\n\t\t\t\t\t\t\t\t\t\t<option value=\"Film\"  data-calc-value=\"Film\" >\n\t\t\t\t\t\tFilm\t\t\t\t\t<\/option>\n\t\t\t\t\t\t\t\t\t\t<option value=\"Priv\u00e9\"  data-calc-value=\"Priv\u00e9\" >\n\t\t\t\t\t\tPriv\u00e9\t\t\t\t\t<\/option>\n\t\t\t\t\t\t\t\t\t\t<option value=\"Autres : \"  data-calc-value=\"Autres : \" >\n\t\t\t\t\t\tAutres : \t\t\t\t\t<\/option>\n\t\t\t\t\t\t\t<\/select>\n\t\t\t<\/div>\r\n<\/div>\r\n<\/div><div  class=\"col-xs-6  last_col\"><div data-field-wrapper=\"fld_5417094\" class=\"form-group\" id=\"fld_5417094_1-wrap\">\r\n\t<label id=\"fld_5417094Label\" for=\"fld_5417094_1\" class=\"control-label\">Sp\u00e9cifiez (Cat\u00e9gorie) : <span aria-hidden=\"true\" role=\"presentation\" class=\"field_required\" style=\"color:#ee0000;\">*<\/span><\/label>\r\n\t<div class=\"\">\r\n\t\t<input   required type=\"text\" data-field=\"fld_5417094\" class=\" form-control\" id=\"fld_5417094_1\" name=\"fld_5417094\" value=\"\" data-type=\"text\" aria-required=\"true\"   aria-labelledby=\"fld_5417094Label\" >\t\t\t<\/div>\r\n<\/div>\r\n<\/div><\/div><div id=\"CF5fc47d9cc8756_1-row-8\"  class=\"row \"><div  class=\"col-xs-12  single\"><div data-field-wrapper=\"fld_6368888\" class=\"form-group\" id=\"fld_6368888_1-wrap\">\r\n\t<label id=\"fld_6368888Label\" for=\"fld_6368888_1\" class=\"control-label\">Image de pr\u00e9sentation de l'\u00e9v\u00e9nement :<\/label>\r\n\t<div class=\"file-prevent-overflow\">\r\n\t\t<div id=\"fld_6368888_1_file_list\" class=\"cf-multi-uploader-list\"><\/div>\n\t\t\t\t<input type=\"file\" name=\"fld_6368888\" value=\"\" data-field=\"fld_6368888\" class=\"\" id=\"fld_6368888_1\" data-controlid=\"trupl69e5d7d10c244\"      aria-labelledby=\"fld_6368888Label\">\n\t\t<input type=\"hidden\" name=\"fld_6368888\" value=\"trupl69e5d7d10c244\">\n\t\t\t<\/div>\r\n<\/div>\r\n<\/div><\/div><div id=\"CF5fc47d9cc8756_1-row-9\"  class=\"row \"><div  class=\"col-xs-12  single\"><div data-field-wrapper=\"fld_2165534\" class=\"form-group\" id=\"fld_2165534_1-wrap\">\r\n\t<label id=\"fld_2165534Label\" for=\"fld_2165534_1\" class=\"control-label\">Informations Suppl\u00e9mentaires :<\/label>\r\n\t<div class=\"\">\r\n\t\t<textarea name=\"fld_2165534\" value=\"\" data-field=\"fld_2165534\" class=\"form-control\" id=\"fld_2165534_1\" rows=\"8\" placeholder=\"Veuillez mettre une description d\u00e9taill\u00e9e de l&#039;\u00e9v\u00e9nement que vous souhaitez diffuser. De plus, si vous avez des questions, vous pouvez les formuler ici.\"    aria-labelledby=\"fld_2165534Label\" ><\/textarea>\n\t\t\t<\/div>\r\n<\/div>\r\n<\/div><\/div><div id=\"CF5fc47d9cc8756_1-row-10\"  class=\"row  last_row\"><div  class=\"col-xs-12  single\"><div data-field-wrapper=\"fld_5768693\" class=\"form-group\" id=\"fld_5768693_1-wrap\">\r\n<div class=\"\">\r\n\t<input  class=\"btn btn-default\" type=\"submit\" name=\"fld_5768693\" id=\"fld_5768693_1\" value=\"Soumettre\" data-field=\"fld_5768693\"  >\n<\/div>\r\n<\/div>\r\n\t<input class=\"button_trigger_1\" type=\"hidden\" name=\"fld_5768693\" id=\"fld_5768693_1_btn\" value=\"\" data-field=\"fld_5768693\"  \/>\n<\/div><\/div><\/form>\r\n<\/div>\r\n<\/div>\n\t\t\t\t<\/div>\n\t\t\t\t<\/div>\n\t\t\t\t\t\t<\/div>\n\t\t\t\t\t<\/div>\n\t\t<\/div>\n\t\t\t\t\t\t\t\t<\/div>\n\t\t\t\t\t<\/div>\n\t\t<\/section>\n\t\t\t\t\t\t<\/div>\n\t\t\t\t\t\t<\/div>\n\t\t\t\t\t<\/div>\n\t\t","protected":false},"excerpt":{"rendered":"<p>Devenir Diffuseur Vous d\u00e9sirez produire un \u00e9v\u00e9nement de diffusion intenet? Compl\u00e9tez le formulaire ci-dessous et nous communiquerons avec vous dans un d\u00e9lai de 24 \u00e0 48 heures.<\/p>\n","protected":false},"author":1,"featured_media":0,"parent":0,"menu_order":0,"comment_status":"closed","ping_status":"closed","template":"","meta":{"_monsterinsights_skip_tracking":false,"_monsterinsights_sitenote_active":false,"_monsterinsights_sitenote_note":"","_monsterinsights_sitenote_category":0,"spay_email":""},"yoast_head":"<!-- This site is optimized with the Yoast SEO plugin v16.2 - https:\/\/yoast.com\/wordpress\/plugins\/seo\/ -->\n<title>Devenir Diffuseur ~ Spec-Tech TV<\/title>\n<meta name=\"robots\" content=\"noindex, follow\" \/>\n<meta property=\"og:locale\" content=\"fr_CA\" \/>\n<meta property=\"og:type\" content=\"article\" \/>\n<meta property=\"og:title\" content=\"Devenir Diffuseur ~ Spec-Tech TV\" \/>\n<meta property=\"og:description\" content=\"Devenir Diffuseur Vous d\u00e9sirez produire un \u00e9v\u00e9nement de diffusion intenet? Compl\u00e9tez le formulaire ci-dessous et nous communiquerons avec vous dans un d\u00e9lai de 24 \u00e0 48 heures.\" \/>\n<meta property=\"og:url\" content=\"https:\/\/testmichel.h3berg.info\/?page_id=436\" \/>\n<meta property=\"og:site_name\" content=\"Spec-Tech TV\" \/>\n<meta property=\"article:modified_time\" content=\"2021-01-08T23:25:52+00:00\" \/>\n<meta property=\"og:image\" content=\"https:\/\/spec-tech.tv\/wp-content\/uploads\/2020\/11\/videogear.png\" \/>\n<meta name=\"twitter:card\" content=\"summary_large_image\" \/>\n<script type=\"application\/ld+json\" class=\"yoast-schema-graph\">{\"@context\":\"https:\/\/schema.org\",\"@graph\":[{\"@type\":\"Organization\",\"@id\":\"https:\/\/testmichel.h3berg.info\/#organization\",\"name\":\"Spec-Tech TV\",\"url\":\"https:\/\/testmichel.h3berg.info\/\",\"sameAs\":[],\"logo\":{\"@type\":\"ImageObject\",\"@id\":\"https:\/\/testmichel.h3berg.info\/#logo\",\"inLanguage\":\"fr-CA\",\"url\":\"https:\/\/spec-tech.tv\/wp-content\/uploads\/2020\/11\/LogoBig.png\",\"contentUrl\":\"https:\/\/spec-tech.tv\/wp-content\/uploads\/2020\/11\/LogoBig.png\",\"width\":700,\"height\":122,\"caption\":\"Spec-Tech TV\"},\"image\":{\"@id\":\"https:\/\/testmichel.h3berg.info\/#logo\"}},{\"@type\":\"WebSite\",\"@id\":\"https:\/\/testmichel.h3berg.info\/#website\",\"url\":\"https:\/\/testmichel.h3berg.info\/\",\"name\":\"Spec-Tech TV\",\"description\":\"Les Arts Vivants, Partout, Chez Vous...\",\"publisher\":{\"@id\":\"https:\/\/testmichel.h3berg.info\/#organization\"},\"potentialAction\":[{\"@type\":\"SearchAction\",\"target\":\"https:\/\/testmichel.h3berg.info\/?s={search_term_string}\",\"query-input\":\"required name=search_term_string\"}],\"inLanguage\":\"fr-CA\"},{\"@type\":\"ImageObject\",\"@id\":\"https:\/\/testmichel.h3berg.info\/?page_id=436#primaryimage\",\"inLanguage\":\"fr-CA\",\"url\":\"https:\/\/spec-tech.tv\/wp-content\/uploads\/2020\/11\/videogear.png\",\"contentUrl\":\"https:\/\/spec-tech.tv\/wp-content\/uploads\/2020\/11\/videogear.png\"},{\"@type\":\"WebPage\",\"@id\":\"https:\/\/testmichel.h3berg.info\/?page_id=436#webpage\",\"url\":\"https:\/\/testmichel.h3berg.info\/?page_id=436\",\"name\":\"Devenir Diffuseur ~ Spec-Tech TV\",\"isPartOf\":{\"@id\":\"https:\/\/testmichel.h3berg.info\/#website\"},\"primaryImageOfPage\":{\"@id\":\"https:\/\/testmichel.h3berg.info\/?page_id=436#primaryimage\"},\"datePublished\":\"2020-11-25T03:21:16+00:00\",\"dateModified\":\"2021-01-08T23:25:52+00:00\",\"breadcrumb\":{\"@id\":\"https:\/\/testmichel.h3berg.info\/?page_id=436#breadcrumb\"},\"inLanguage\":\"fr-CA\",\"potentialAction\":[{\"@type\":\"ReadAction\",\"target\":[\"https:\/\/testmichel.h3berg.info\/?page_id=436\"]}]},{\"@type\":\"BreadcrumbList\",\"@id\":\"https:\/\/testmichel.h3berg.info\/?page_id=436#breadcrumb\",\"itemListElement\":[{\"@type\":\"ListItem\",\"position\":1,\"item\":{\"@type\":\"WebPage\",\"@id\":\"https:\/\/testmichel.h3berg.info\/\",\"url\":\"https:\/\/testmichel.h3berg.info\/\",\"name\":\"Accueil\"}},{\"@type\":\"ListItem\",\"position\":2,\"item\":{\"@id\":\"https:\/\/testmichel.h3berg.info\/?page_id=436#webpage\"}}]}]}<\/script>\n<!-- \/ Yoast SEO plugin. -->","_links":{"self":[{"href":"https:\/\/testmichel.h3berg.info\/index.php?rest_route=\/wp\/v2\/pages\/436"}],"collection":[{"href":"https:\/\/testmichel.h3berg.info\/index.php?rest_route=\/wp\/v2\/pages"}],"about":[{"href":"https:\/\/testmichel.h3berg.info\/index.php?rest_route=\/wp\/v2\/types\/page"}],"author":[{"embeddable":true,"href":"https:\/\/testmichel.h3berg.info\/index.php?rest_route=\/wp\/v2\/users\/1"}],"replies":[{"embeddable":true,"href":"https:\/\/testmichel.h3berg.info\/index.php?rest_route=%2Fwp%2Fv2%2Fcomments&post=436"}],"version-history":[{"count":0,"href":"https:\/\/testmichel.h3berg.info\/index.php?rest_route=\/wp\/v2\/pages\/436\/revisions"}],"wp:attachment":[{"href":"https:\/\/testmichel.h3berg.info\/index.php?rest_route=%2Fwp%2Fv2%2Fmedia&parent=436"}],"curies":[{"name":"wp","href":"https:\/\/api.w.org\/{rel}","templated":true}]}}